hat is the greatest common divisor of 144 and 126?
18
What is the greatest common factor of 42 and 49?
7
What is the highest common divisor of 27 and 216?
27
What is the highest common divisor of 2992 and 44?
44
What is the highest common factor of 5328 and 37?
37
Calculate the highest common divisor of 3875 and 62.
31
Calculate the highest common divisor of 990 and 264.
66
Calculate the greatest common factor of 312 and 2.
2
Calculate the highest common factor of 2409 and 99.
33
Calculate the greatest common factor of 4876 and 848.
212
Calculate the greatest common factor of 18 and 2151.
9
What is the highest common factor of 4559 and 291?
97
What is the highest common factor of 3 and 243?
3
What is the greatest common divisor of 58 and 1566?
58
Calculate the highest common divisor of 280 and 25.
5
What is the highest common divisor of 54571 and 41?
41
What is the greatest common factor of 357 and 168?
21
What is the greatest common divisor of 32 and 11232?
32
What is the greatest common factor of 63 and 126?
63
Calculate the greatest common divisor of 1656 and 23.
23
What is the greatest common divisor of 2189 and 176?
11
Calculate the highest common divisor of 1140 and 600.
60
What is the greatest common divisor of 803 and 73?
73
Calculate the greatest common factor of 304 and 18544.
304
What is the highest common factor of 186 and 682?
62
What is the highest common divisor of 4 and 1876?
4
What is the highest common factor of 588 and 36?
12
What is the greatest common factor of 25 and 2425?
25
What is the greatest common divisor of 9 and 27?
9
What is the greatest common divisor of 7216 and 1408?
176
Calculate the greatest common divisor of 1834 and 14.
14
Calculate the greatest common factor of 143 and 41184.
143
Calculate the highest common divisor of 770 and 14.
14
Calculate the greatest common divisor of 17488 and 16.
16
Calculate the greatest common divisor of 8455 and 190.
95
What is the greatest common factor of 123 and 82?
41
Calculate the greatest common factor of 283 and 25.
1
What is the highest common factor of 6708 and 780?
156
Calculate the greatest common divisor of 6 and 3606.
6
Calculate the greatest common divisor of 26 and 104.
26
What is the highest common divisor of 524 and 64?
4
What is the greatest common factor of 20 and 500?
20
Calculate the highest common factor of 6336 and 495.
99
What is the highest common factor of 21725 and 275?
275
Calculate the greatest common divisor of 570 and 480.
30
What is the greatest common divisor of 12 and 1536?
12
What is the greatest common factor of 128 and 72?
8
Calculate the highest common factor of 5 and 845.
5
Calculate the greatest common divisor of 1173 and 51.
51
Calculate the greatest common divisor of 9 and 336.
3
Calculate the highest common divisor of 15 and 5295.
15
What is the highest common factor of 978 and 42?
6
Calculate the highest common factor of 68 and 2533.
17
What is the greatest common divisor of 8 and 40?
8
Calculate the highest common factor of 108 and 4509.
27
Calculate the highest common divisor of 902 and 164.
82
Calculate the highest common divisor of 5850 and 30.
30
Calculate the greatest common factor of 14 and 16324.
14
Calculate the greatest common factor of 396 and 88.
44
What is the highest common factor of 100 and 925?
25
Calculate the greatest common divisor of 80 and 5.
5
Calculate the highest common factor of 40873 and 7.
7
Calculate the greatest common factor of 57 and 855.
57
Calculate the greatest common divisor of 11 and 1375.
11
What is the greatest common divisor of 98 and 112?
14
Calculate the greatest common factor of 1292 and 527.
17
Calculate the highest common divisor of 75 and 39675.
75
What is the highest common factor of 21 and 789?
3
What is the greatest common factor of 2010 and 160?
10
Calculate the highest common divisor of 910 and 560.
70
Calculate the greatest common divisor of 392 and 2646.
98
Calculate the greatest common factor of 74 and 999.
37
Calculate the highest common factor of 156 and 39.
39
What is the highest common factor of 35 and 8505?
35
Calculate the highest common factor of 12 and 420.
12
Calculate the highest common divisor of 363 and 9.
3
Calculate the greatest common divisor of 725 and 25.
25
What is the greatest common factor of 156 and 2236?
52
Calculate the highest common divisor of 117 and 975.
39
What is the greatest common divisor of 2814 and 42?
42
What is the greatest common factor of 269 and 13?
1
Calculate the greatest common factor of 259 and 14.
7
Calculate the greatest common divisor of 4607 and 17.
17
Calculate the greatest common factor of 260 and 195.
65
What is the highest common factor of 384 and 24?
24
Calculate the highest common divisor of 4557 and 84.
21
What is the greatest common factor of 407 and 143?
11
What is the greatest common factor of 186 and 1426?
62
What is the highest common divisor of 2479 and 134?
67
What is the highest common factor of 76 and 4180?
76
Calculate the highest common divisor of 1813 and 49.
49
What is the highest common factor of 20650 and 1750?
350
What is the highest common factor of 20 and 156?
4
Calculate the highest common factor of 85 and 6103.
17
What is the highest common factor of 5 and 190?
5
Calculate the highest common factor of 88 and 31988.
44
What is the greatest common divisor of 82 and 2?
2
What is the highest common factor of 20 and 110?
10
Calculate the greatest common divisor of 16 and 2984.
8
What is the highest common factor of 28 and 13048?
28
What is the greatest common divisor of 23 and 69?
23
Calculate the greatest common factor of 350 and 24290.
70
Calculate the highest common divisor of 2 and 22.
2
Calculate the highest common divisor of 583 and 22.
11
Calculate the highest common divisor of 22 and 418.
22
Calculate the highest common factor of 202 and 2121.
101
Calculate the greatest common factor of 68 and 100.
4
What is the highest common factor of 6727 and 868?
217
Calculate the highest common factor of 2 and 34.
2
What is the greatest common factor of 120 and 2472?
24
Calculate the greatest common factor of 104 and 182.
26
Calculate the highest common divisor of 51 and 391.
17
Calculate the highest common divisor of 1968 and 48.
48
Calculate the greatest common factor of 24 and 2316.
12
Calculate the greatest common factor of 638 and 198.
22
What is the greatest common divisor of 166 and 302?
2
What is the highest common divisor of 2394 and 126?
126
What is the greatest common divisor of 232 and 8?
8
Calculate the highest common divisor of 1230 and 60.
30
Calculate the highest common divisor of 5681 and 38.
19
What is the highest common divisor of 3648 and 171?
57
What is the greatest common divisor of 1083 and 171?
57
What is the highest common divisor of 58777 and 53?
53
Calculate the greatest common factor of 275 and 11.
11
Calculate the highest common divisor of 11 and 341.
11
What is the highest common divisor of 292 and 12?
4
Calculate the highest common factor of 15 and 305.
5
What is the greatest common divisor of 44 and 104?
4
Calculate the greatest common factor of 1124 and 8.
4
What is the highest common factor of 30 and 100?
10
Calculate the greatest common divisor of 9 and 18.
9
What is the highest common factor of 2249 and 346?
173
What is the greatest common factor of 2338 and 126?
14
What is the greatest common factor of 1431 and 18?
9
Calculate the highest common factor of 18 and 20943.
9
Calculate the highest common divisor of 3508 and 4.
4
What is the highest common divisor of 506 and 176?
22
What is the highest common divisor of 325 and 520?
65
Calculate the highest common divisor of 2329 and 34.
17
Calculate the highest common factor of 202 and 101.
101
Calculate the greatest common divisor of 91 and 117.
13
Calculate the highest common factor of 98 and 4.
2
What is the greatest common divisor of 17 and 7786?
17
Calculate the greatest common factor of 72 and 112.
8
Calculate the highest common factor of 651 and 63.
21
What is the highest common factor of 114 and 66?
6
Calculate the highest common factor of 16770 and 1560.
390
What is the highest common factor of 18 and 45?
9
What is the greatest common divisor of 17770 and 20?
10
What is the highest common factor of 270 and 2835?
135
Calculat